{"id":14343,"date":"2025-09-06T23:43:14","date_gmt":"2025-09-06T21:43:14","guid":{"rendered":"https:\/\/sites.uclouvain.be\/narramuse\/?page_id=14343"},"modified":"2025-09-09T10:46:36","modified_gmt":"2025-09-09T08:46:36","slug":"autorenpanel","status":"publish","type":"page","link":"https:\/\/sites.uclouvain.be\/narramuse\/de\/autorenpanel\/","title":{"rendered":"Autorenpanel"},"content":{"rendered":"\n<div class=\"wp-block-group is-nowrap is-layout-flex wp-container-core-group-is-layout-7387b849 wp-block-group-is-layout-flex\"><nav class=\"is-responsive items-justified-center wp-block-navigation is-content-justification-center is-layout-flex wp-container-core-navigation-is-layout-3e41869c wp-block-navigation-is-layout-flex\" aria-label=\"Navigation 3\" \n\t\t data-wp-interactive=\"core\/navigation\" data-wp-context='{\"overlayOpenedBy\":{\"click\":false,\"hover\":false,\"focus\":false},\"type\":\"overlay\",\"roleAttribute\":\"\",\"ariaLabel\":\"Menu\"}'><button aria-haspopup=\"dialog\" aria-label=\"Ouvrir le menu\" class=\"wp-block-navigation__responsive-container-open\" \n\t\t\t\tdata-wp-on--click=\"actions.openMenuOnClick\"\n\t\t\t\tdata-wp-on--keydown=\"actions.handleMenuKeydown\"\n\t\t\t><svg width=\"24\" height=\"24\" xmlns=\"http:\/\/www.w3.org\/2000\/svg\" viewBox=\"0 0 24 24\" aria-hidden=\"true\" focusable=\"false\"><path d=\"M4 7.5h16v1.5H4z\"><\/path><path d=\"M4 15h16v1.5H4z\"><\/path><\/svg><\/button>\n\t\t\t\t<div class=\"wp-block-navigation__responsive-container\"  id=\"modal-1\" \n\t\t\t\tdata-wp-class--has-modal-open=\"state.isMenuOpen\"\n\t\t\t\tdata-wp-class--is-menu-open=\"state.isMenuOpen\"\n\t\t\t\tdata-wp-watch=\"callbacks.initMenu\"\n\t\t\t\tdata-wp-on--keydown=\"actions.handleMenuKeydown\"\n\t\t\t\tdata-wp-on--focusout=\"actions.handleMenuFocusout\"\n\t\t\t\ttabindex=\"-1\"\n\t\t\t>\n\t\t\t\t\t<div class=\"wp-block-navigation__responsive-close\" tabindex=\"-1\">\n\t\t\t\t\t\t<div class=\"wp-block-navigation__responsive-dialog\" \n\t\t\t\tdata-wp-bind--aria-modal=\"state.ariaModal\"\n\t\t\t\tdata-wp-bind--aria-label=\"state.ariaLabel\"\n\t\t\t\tdata-wp-bind--role=\"state.roleAttribute\"\n\t\t\t>\n\t\t\t\t\t\t\t<button aria-label=\"Fermer le menu\" class=\"wp-block-navigation__responsive-container-close\" \n\t\t\t\tdata-wp-on--click=\"actions.closeMenuOnClick\"\n\t\t\t><svg xmlns=\"http:\/\/www.w3.org\/2000\/svg\" viewBox=\"0 0 24 24\" width=\"24\" height=\"24\" aria-hidden=\"true\" focusable=\"false\"><path d=\"m13.06 12 6.47-6.47-1.06-1.06L12 10.94 5.53 4.47 4.47 5.53 10.94 12l-6.47 6.47 1.06 1.06L12 13.06l6.47 6.47 1.06-1.06L13.06 12Z\"><\/path><\/svg><\/button>\n\t\t\t\t\t\t\t<div class=\"wp-block-navigation__responsive-container-content\" \n\t\t\t\tdata-wp-watch=\"callbacks.focusFirstElement\"\n\t\t\t id=\"modal-1-content\">\n\t\t\t\t\t\t\t\t<ul class=\"wp-block-navigation__container is-responsive items-justified-center wp-block-navigation\"><li data-wp-context=\"{ &quot;submenuOpenedBy&quot;: { &quot;click&quot;: false, &quot;hover&quot;: false, &quot;focus&quot;: false }, &quot;type&quot;: &quot;submenu&quot;, &quot;modal&quot;: null, &quot;previousFocus&quot;: null }\" data-wp-interactive=\"core\/navigation\" data-wp-on--focusout=\"actions.handleMenuFocusout\" data-wp-on--keydown=\"actions.handleMenuKeydown\" data-wp-on--pointerenter=\"actions.openMenuOnHover\" data-wp-on--pointerleave=\"actions.closeMenuOnHover\" data-wp-watch=\"callbacks.initMenu\" tabindex=\"-1\" class=\"wp-block-navigation-item has-child open-on-hover-click wp-block-navigation-submenu\"><a class=\"wp-block-navigation-item__content\" href=\"https:\/\/sites.uclouvain.be\/narramuse\/de\/forschung\/\"><span class=\"wp-block-navigation-item__label\">Forschung<\/span><\/a><button data-wp-bind--aria-expanded=\"state.isSubmenuOpen\" data-wp-on--click=\"actions.toggleMenuOnClick\" aria-label=\"Sous-menu Forschung\" class=\"wp-block-navigation__submenu-icon wp-block-navigation-submenu__toggle\" ><svg xmlns=\"http:\/\/www.w3.org\/2000\/svg\" width=\"12\" height=\"12\" viewBox=\"0 0 12 12\" fill=\"none\" aria-hidden=\"true\" focusable=\"false\"><path d=\"M1.50002 4L6.00002 8L10.5 4\" stroke-width=\"1.5\"><\/path><\/svg><\/button><ul data-wp-on--focus=\"actions.openMenuOnFocus\" class=\"wp-block-navigation__submenu-container wp-block-navigation-submenu\"><li class=\"wp-block-navigation-item wp-block-navigation-link\"><a class=\"wp-block-navigation-item__content\"  href=\"https:\/\/sites.uclouvain.be\/narramuse\/de\/gegenstand\/\"><span class=\"wp-block-navigation-item__label\">Gegenstand<\/span><\/a><\/li><li class=\"wp-block-navigation-item wp-block-navigation-link\"><a class=\"wp-block-navigation-item__content\"  href=\"https:\/\/sites.uclouvain.be\/narramuse\/de\/forschungsprogramm\/\"><span class=\"wp-block-navigation-item__label\">Programm<\/span><\/a><\/li><li class=\"wp-block-navigation-item wp-block-navigation-link\"><a class=\"wp-block-navigation-item__content\"  href=\"https:\/\/sites.uclouvain.be\/narramuse\/de\/forschung\/\"><span class=\"wp-block-navigation-item__label\">Thesen<\/span><\/a><\/li><\/ul><\/li><li class=\"wp-block-navigation-item wp-block-navigation-link\"><a class=\"wp-block-navigation-item__content\"  href=\"https:\/\/sites.uclouvain.be\/narramuse\/de\/team-deu\/\"><span class=\"wp-block-navigation-item__label\">Team<\/span><\/a><\/li><li data-wp-context=\"{ &quot;submenuOpenedBy&quot;: { &quot;click&quot;: false, &quot;hover&quot;: false, &quot;focus&quot;: false }, &quot;type&quot;: &quot;submenu&quot;, &quot;modal&quot;: null, &quot;previousFocus&quot;: null }\" data-wp-interactive=\"core\/navigation\" data-wp-on--focusout=\"actions.handleMenuFocusout\" data-wp-on--keydown=\"actions.handleMenuKeydown\" data-wp-on--pointerenter=\"actions.openMenuOnHover\" data-wp-on--pointerleave=\"actions.closeMenuOnHover\" data-wp-watch=\"callbacks.initMenu\" tabindex=\"-1\" class=\"wp-block-navigation-item has-child open-on-hover-click wp-block-navigation-submenu\"><a class=\"wp-block-navigation-item__content\" href=\"https:\/\/sites.uclouvain.be\/narramuse\/de\/kommende-veranstaltungen\/\"><span class=\"wp-block-navigation-item__label\">Veranstaltungen<\/span><\/a><button data-wp-bind--aria-expanded=\"state.isSubmenuOpen\" data-wp-on--click=\"actions.toggleMenuOnClick\" aria-label=\"Sous-menu Veranstaltungen\" class=\"wp-block-navigation__submenu-icon wp-block-navigation-submenu__toggle\" ><svg xmlns=\"http:\/\/www.w3.org\/2000\/svg\" width=\"12\" height=\"12\" viewBox=\"0 0 12 12\" fill=\"none\" aria-hidden=\"true\" focusable=\"false\"><path d=\"M1.50002 4L6.00002 8L10.5 4\" stroke-width=\"1.5\"><\/path><\/svg><\/button><ul data-wp-on--focus=\"actions.openMenuOnFocus\" class=\"wp-block-navigation__submenu-container wp-block-navigation-submenu\"><li class=\"wp-block-navigation-item wp-block-navigation-link\"><a class=\"wp-block-navigation-item__content\"  href=\"https:\/\/sites.uclouvain.be\/narramuse\/de\/kommende-veranstaltungen\/\"><span class=\"wp-block-navigation-item__label\">Kommende Veranstaltungen<\/span><\/a><\/li><li class=\"wp-block-navigation-item wp-block-navigation-link\"><a class=\"wp-block-navigation-item__content\"  href=\"https:\/\/sites.uclouvain.be\/narramuse\/de\/vergangene-veranstaltungen\/\"><span class=\"wp-block-navigation-item__label\">Vergangene Veranstaltungen<\/span><\/a><\/li><li class=\"wp-block-navigation-item wp-block-navigation-link\"><a class=\"wp-block-navigation-item__content\"  href=\"https:\/\/sites.uclouvain.be\/narramuse\/de\/kolloquium\/\"><span class=\"wp-block-navigation-item__label\">NarraMuse Kolloquium<\/span><\/a><\/li><\/ul><\/li><li class=\"wp-block-navigation-item wp-block-navigation-link\"><a class=\"wp-block-navigation-item__content\"  href=\"https:\/\/sites.uclouvain.be\/narramuse\/actualites\/\"><span class=\"wp-block-navigation-item__label\">Aktuelles<\/span><\/a><\/li><li class=\"wp-block-navigation-item wp-block-navigation-link\"><a class=\"wp-block-navigation-item__content\"  href=\"https:\/\/sites.uclouvain.be\/narramuse\/de\/kontaktieren-sie-uns\/\"><span class=\"wp-block-navigation-item__label\">Kontaktieren Sie uns<\/span><\/a><\/li><\/ul>\n\t\t\t\t\t\t\t\t\n\t\t\t\t\t\t\t<\/div>\n\t\t\t\t\t\t<\/div>\n\t\t\t\t\t<\/div>\n\t\t\t\t<\/div><\/nav>\n\n<div class=\"widget widget_polylang\"><label class=\"screen-reader-text\" for=\"lang_choice_polylang--1\">Choisir une langue<\/label><select name=\"lang_choice_polylang--1\" id=\"lang_choice_polylang--1\" class=\"pll-switcher-select\">\n\t<option value=\"https:\/\/sites.uclouvain.be\/narramuse\/panel-ecrivains\/\" lang=\"fr-FR\" selected='selected' data-lang=\"{&quot;id&quot;:0,&quot;name&quot;:&quot;Fran\\u00e7ais&quot;,&quot;slug&quot;:&quot;fr&quot;,&quot;dir&quot;:0}\">Fran\u00e7ais<\/option>\n\t<option value=\"https:\/\/sites.uclouvain.be\/narramuse\/en\/writers-panel\/\" lang=\"en-US\" data-lang=\"{&quot;id&quot;:0,&quot;name&quot;:&quot;English&quot;,&quot;slug&quot;:&quot;en&quot;,&quot;dir&quot;:0}\">English<\/option>\n\t<option value=\"https:\/\/sites.uclouvain.be\/narramuse\/de\/autorenpanel\/\" lang=\"de-DE\" data-lang=\"{&quot;id&quot;:0,&quot;name&quot;:&quot;Deutsch&quot;,&quot;slug&quot;:&quot;de&quot;,&quot;dir&quot;:0}\">Deutsch<\/option>\n\t<option value=\"https:\/\/sites.uclouvain.be\/narramuse\/it\/panel-di-scrittori\/\" lang=\"it-IT\" data-lang=\"{&quot;id&quot;:0,&quot;name&quot;:&quot;Italiano&quot;,&quot;slug&quot;:&quot;it&quot;,&quot;dir&quot;:0}\">Italiano<\/option>\n\n<\/select>\n<script>\n\t\t\t\t\tdocument.getElementById( \"lang_choice_polylang--1\" ).addEventListener( \"change\", function ( event ) { location.href = event.currentTarget.value; } )\n\t\t\t\t<\/script><\/div><\/div>\n\n\n\n<h2 class=\"wp-block-heading\">\u00ab\u00a0Figures du nous\u00a0\u00bb: Sechs Stimmen der zeitgen\u00f6ssischen frankophonen Literatur im Dialog<\/h2>\n\n\n\n<figure class=\"wp-block-image aligncenter size-large is-resized\"><img loading=\"lazy\" decoding=\"async\" width=\"724\" height=\"1024\" src=\"https:\/\/sites.uclouvain.be\/narramuse\/wp-content\/uploads\/2025\/09\/recit-postmigration-2-2-724x1024.jpg\" alt=\"\" class=\"wp-image-14443\" style=\"width:300px\" srcset=\"https:\/\/sites.uclouvain.be\/narramuse\/wp-content\/uploads\/2025\/09\/recit-postmigration-2-2-724x1024.jpg 724w, https:\/\/sites.uclouvain.be\/narramuse\/wp-content\/uploads\/2025\/09\/recit-postmigration-2-2-212x300.jpg 212w, https:\/\/sites.uclouvain.be\/narramuse\/wp-content\/uploads\/2025\/09\/recit-postmigration-2-2-768x1086.jpg 768w, https:\/\/sites.uclouvain.be\/narramuse\/wp-content\/uploads\/2025\/09\/recit-postmigration-2-2-1086x1536.jpg 1086w, https:\/\/sites.uclouvain.be\/narramuse\/wp-content\/uploads\/2025\/09\/recit-postmigration-2-2-1448x2048.jpg 1448w, https:\/\/sites.uclouvain.be\/narramuse\/wp-content\/uploads\/2025\/09\/recit-postmigration-2-2-scaled.jpg 1810w\" sizes=\"auto, (max-width: 724px) 100vw, 724px\" \/><\/figure>\n\n\n\n<p class=\"wp-block-paragraph\"><\/p>\n\n\n\n<p class=\"wp-block-paragraph\"><strong>Nour Cadour<\/strong>, <strong>Hajar Azell<\/strong> und <strong>Asya Djoula\u00eft<\/strong> sowie <strong>Diadi\u00e9 Demb\u00e9l\u00e9<\/strong>, <strong>Zied Bakir<\/strong> und <strong>Sabre Bougrine<\/strong> verarbeiten in ihren Werken Themen, die sie nachhaltig pr\u00e4gen: das Familienged\u00e4chtnis, Migrationserfahrungen, das st\u00e4ndige Pendeln zwischen R\u00e4umen und Sprachen sowie die Frage nach Identit\u00e4t und Zugeh\u00f6rigkeit.<\/p>\n\n\n\n<p class=\"wp-block-paragraph\">In einer besonderen <strong>Podiumsdiskussion<\/strong> reflektieren die sechs Autorinnen und Autoren \u00fcber die Herausforderungen und Bereicherungen des Schreibprozesses, bevor das Gespr\u00e4ch f\u00fcr das Publikum ge\u00f6ffnet wird. Die Veranstaltung findet am 17. September 2025 von 18 bis 20 Uhr im Mus\u00e9e L in Louvain-la-Neuve statt und schlie\u00dft mit einer Signierstunde.<\/p>\n\n\n\n<p class=\"wp-block-paragraph\">Das Podium ist Teil der Tagung \u00ab\u00a0<strong>Von gelebten Erfahrungen zu Erz\u00e4hlungen der Postmigration<\/strong>\u00a0\u00bb (17.\u201319. September 2025, UCLouvain).<\/p>\n","protected":false},"excerpt":{"rendered":"<p>\u00ab\u00a0Figures du nous\u00a0\u00bb: Sechs Stimmen der zeitgen\u00f6ssischen frankophonen Literatur im Dialog Nour Cadour, Hajar Azell und Asya Djoula\u00eft sowie Diadi\u00e9 Demb\u00e9l\u00e9, Zied Bakir und Sabre Bougrine verarbeiten in ihren Werken Themen, die sie nachhaltig pr\u00e4gen: das Familienged\u00e4chtnis, Migrationserfahrungen, das st\u00e4ndige Pendeln zwischen R\u00e4umen und Sprachen sowie die Frage nach Identit\u00e4t und Zugeh\u00f6rigkeit. In einer besonderen [&hellip;]<\/p>\n","protected":false},"author":53,"featured_media":0,"parent":0,"menu_order":0,"comment_status":"closed","ping_status":"closed","template":"header-footer-only","meta":{"footnotes":""},"class_list":["post-14343","page","type-page","status-publish","hentry"],"_links":{"self":[{"href":"https:\/\/sites.uclouvain.be\/narramuse\/wp-json\/wp\/v2\/pages\/14343","targetHints":{"allow":["GET"]}}],"collection":[{"href":"https:\/\/sites.uclouvain.be\/narramuse\/wp-json\/wp\/v2\/pages"}],"about":[{"href":"https:\/\/sites.uclouvain.be\/narramuse\/wp-json\/wp\/v2\/types\/page"}],"author":[{"embeddable":true,"href":"https:\/\/sites.uclouvain.be\/narramuse\/wp-json\/wp\/v2\/users\/53"}],"replies":[{"embeddable":true,"href":"https:\/\/sites.uclouvain.be\/narramuse\/wp-json\/wp\/v2\/comments?post=14343"}],"version-history":[{"count":5,"href":"https:\/\/sites.uclouvain.be\/narramuse\/wp-json\/wp\/v2\/pages\/14343\/revisions"}],"predecessor-version":[{"id":14703,"href":"https:\/\/sites.uclouvain.be\/narramuse\/wp-json\/wp\/v2\/pages\/14343\/revisions\/14703"}],"wp:attachment":[{"href":"https:\/\/sites.uclouvain.be\/narramuse\/wp-json\/wp\/v2\/media?parent=14343"}],"curies":[{"name":"wp","href":"https:\/\/api.w.org\/{rel}","templated":true}]}}

<div class="wp-block-group is-nowrap is-layout-flex wp-container-core-group-is-layout-7387b849 wp-block-group-is-layout-flex"><nav class="is-responsive items-justified-center wp-block-navigation is-content-justification-center is-layout-flex wp-container-core-navigation-is-layout-3e41869c wp-block-navigation-is-layout-flex" aria-label="Navigation 3" 
		 data-wp-interactive="core/navigation" data-wp-context='{"overlayOpenedBy":{"click":false,"hover":false,"focus":false},"type":"overlay","roleAttribute":"","ariaLabel":"Menu"}'><button aria-haspopup="dialog" aria-label="Ouvrir le menu" class="wp-block-navigation__responsive-container-open" 
				data-wp-on--click="actions.openMenuOnClick"
				data-wp-on--keydown="actions.handleMenuKeydown"
			><svg width="24" height="24" xmlns="http://www.w3.org/2000/svg" viewBox="0 0 24 24" aria-hidden="true" focusable="false"><path d="M4 7.5h16v1.5H4z"></path><path d="M4 15h16v1.5H4z"></path></svg></button>
				<div class="wp-block-navigation__responsive-container"  id="modal-1" 
				data-wp-class--has-modal-open="state.isMenuOpen"
				data-wp-class--is-menu-open="state.isMenuOpen"
				data-wp-watch="callbacks.initMenu"
				data-wp-on--keydown="actions.handleMenuKeydown"
				data-wp-on--focusout="actions.handleMenuFocusout"
				tabindex="-1"
			>
					<div class="wp-block-navigation__responsive-close" tabindex="-1">
						<div class="wp-block-navigation__responsive-dialog" 
				data-wp-bind--aria-modal="state.ariaModal"
				data-wp-bind--aria-label="state.ariaLabel"
				data-wp-bind--role="state.roleAttribute"
			>
							<button aria-label="Fermer le menu" class="wp-block-navigation__responsive-container-close" 
				data-wp-on--click="actions.closeMenuOnClick"
			><svg xmlns="http://www.w3.org/2000/svg" viewBox="0 0 24 24" width="24" height="24" aria-hidden="true" focusable="false"><path d="m13.06 12 6.47-6.47-1.06-1.06L12 10.94 5.53 4.47 4.47 5.53 10.94 12l-6.47 6.47 1.06 1.06L12 13.06l6.47 6.47 1.06-1.06L13.06 12Z"></path></svg></button>
							<div class="wp-block-navigation__responsive-container-content" 
				data-wp-watch="callbacks.focusFirstElement"
			 id="modal-1-content">
								<ul class="wp-block-navigation__container is-responsive items-justified-center wp-block-navigation"><li data-wp-context="{ &quot;submenuOpenedBy&quot;: { &quot;click&quot;: false, &quot;hover&quot;: false, &quot;focus&quot;: false }, &quot;type&quot;: &quot;submenu&quot;, &quot;modal&quot;: null, &quot;previousFocus&quot;: null }" data-wp-interactive="core/navigation" data-wp-on--focusout="actions.handleMenuFocusout" data-wp-on--keydown="actions.handleMenuKeydown" data-wp-on--pointerenter="actions.openMenuOnHover" data-wp-on--pointerleave="actions.closeMenuOnHover" data-wp-watch="callbacks.initMenu" tabindex="-1" class="wp-block-navigation-item has-child open-on-hover-click wp-block-navigation-submenu"><a class="wp-block-navigation-item__content" href="https://sites.uclouvain.be/narramuse/de/forschung/"><span class="wp-block-navigation-item__label">Forschung</span></a><button data-wp-bind--aria-expanded="state.isSubmenuOpen" data-wp-on--click="actions.toggleMenuOnClick" aria-label="Sous-menu Forschung" class="wp-block-navigation__submenu-icon wp-block-navigation-submenu__toggle" ><svg xmlns="http://www.w3.org/2000/svg" width="12" height="12" viewBox="0 0 12 12" fill="none" aria-hidden="true" focusable="false"><path d="M1.50002 4L6.00002 8L10.5 4" stroke-width="1.5"></path></svg></button><ul data-wp-on--focus="actions.openMenuOnFocus" class="wp-block-navigation__submenu-container wp-block-navigation-submenu"><li class="wp-block-navigation-item wp-block-navigation-link"><a class="wp-block-navigation-item__content"  href="https://sites.uclouvain.be/narramuse/de/gegenstand/"><span class="wp-block-navigation-item__label">Gegenstand</span></a></li><li class="wp-block-navigation-item wp-block-navigation-link"><a class="wp-block-navigation-item__content"  href="https://sites.uclouvain.be/narramuse/de/forschungsprogramm/"><span class="wp-block-navigation-item__label">Programm</span></a></li><li class="wp-block-navigation-item wp-block-navigation-link"><a class="wp-block-navigation-item__content"  href="https://sites.uclouvain.be/narramuse/de/forschung/"><span class="wp-block-navigation-item__label">Thesen</span></a></li></ul></li><li class="wp-block-navigation-item wp-block-navigation-link"><a class="wp-block-navigation-item__content"  href="https://sites.uclouvain.be/narramuse/de/team-deu/"><span class="wp-block-navigation-item__label">Team</span></a></li><li data-wp-context="{ &quot;submenuOpenedBy&quot;: { &quot;click&quot;: false, &quot;hover&quot;: false, &quot;focus&quot;: false }, &quot;type&quot;: &quot;submenu&quot;, &quot;modal&quot;: null, &quot;previousFocus&quot;: null }" data-wp-interactive="core/navigation" data-wp-on--focusout="actions.handleMenuFocusout" data-wp-on--keydown="actions.handleMenuKeydown" data-wp-on--pointerenter="actions.openMenuOnHover" data-wp-on--pointerleave="actions.closeMenuOnHover" data-wp-watch="callbacks.initMenu" tabindex="-1" class="wp-block-navigation-item has-child open-on-hover-click wp-block-navigation-submenu"><a class="wp-block-navigation-item__content" href="https://sites.uclouvain.be/narramuse/de/kommende-veranstaltungen/"><span class="wp-block-navigation-item__label">Veranstaltungen</span></a><button data-wp-bind--aria-expanded="state.isSubmenuOpen" data-wp-on--click="actions.toggleMenuOnClick" aria-label="Sous-menu Veranstaltungen" class="wp-block-navigation__submenu-icon wp-block-navigation-submenu__toggle" ><svg xmlns="http://www.w3.org/2000/svg" width="12" height="12" viewBox="0 0 12 12" fill="none" aria-hidden="true" focusable="false"><path d="M1.50002 4L6.00002 8L10.5 4" stroke-width="1.5"></path></svg></button><ul data-wp-on--focus="actions.openMenuOnFocus" class="wp-block-navigation__submenu-container wp-block-navigation-submenu"><li class="wp-block-navigation-item wp-block-navigation-link"><a class="wp-block-navigation-item__content"  href="https://sites.uclouvain.be/narramuse/de/kommende-veranstaltungen/"><span class="wp-block-navigation-item__label">Kommende Veranstaltungen</span></a></li><li class="wp-block-navigation-item wp-block-navigation-link"><a class="wp-block-navigation-item__content"  href="https://sites.uclouvain.be/narramuse/de/vergangene-veranstaltungen/"><span class="wp-block-navigation-item__label">Vergangene Veranstaltungen</span></a></li><li class="wp-block-navigation-item wp-block-navigation-link"><a class="wp-block-navigation-item__content"  href="https://sites.uclouvain.be/narramuse/de/kolloquium/"><span class="wp-block-navigation-item__label">NarraMuse Kolloquium</span></a></li></ul></li><li class="wp-block-navigation-item wp-block-navigation-link"><a class="wp-block-navigation-item__content"  href="https://sites.uclouvain.be/narramuse/actualites/"><span class="wp-block-navigation-item__label">Aktuelles</span></a></li><li class="wp-block-navigation-item wp-block-navigation-link"><a class="wp-block-navigation-item__content"  href="https://sites.uclouvain.be/narramuse/de/kontaktieren-sie-uns/"><span class="wp-block-navigation-item__label">Kontaktieren Sie uns</span></a></li></ul>
								
							</div>
						</div>
					</div>
				</div></nav>

<div class="widget widget_polylang"><label class="screen-reader-text" for="lang_choice_polylang--1">Choisir une langue</label><select name="lang_choice_polylang--1" id="lang_choice_polylang--1" class="pll-switcher-select">
	<option value="https://sites.uclouvain.be/narramuse/panel-ecrivains/" lang="fr-FR" selected='selected' data-lang="{&quot;id&quot;:0,&quot;name&quot;:&quot;Fran\u00e7ais&quot;,&quot;slug&quot;:&quot;fr&quot;,&quot;dir&quot;:0}">Français</option>
	<option value="https://sites.uclouvain.be/narramuse/en/writers-panel/" lang="en-US" data-lang="{&quot;id&quot;:0,&quot;name&quot;:&quot;English&quot;,&quot;slug&quot;:&quot;en&quot;,&quot;dir&quot;:0}">English</option>
	<option value="https://sites.uclouvain.be/narramuse/de/autorenpanel/" lang="de-DE" data-lang="{&quot;id&quot;:0,&quot;name&quot;:&quot;Deutsch&quot;,&quot;slug&quot;:&quot;de&quot;,&quot;dir&quot;:0}">Deutsch</option>
	<option value="https://sites.uclouvain.be/narramuse/it/panel-di-scrittori/" lang="it-IT" data-lang="{&quot;id&quot;:0,&quot;name&quot;:&quot;Italiano&quot;,&quot;slug&quot;:&quot;it&quot;,&quot;dir&quot;:0}">Italiano</option>

</select>
<script>
					document.getElementById( "lang_choice_polylang--1" ).addEventListener( "change", function ( event ) { location.href = event.currentTarget.value; } )
				</script></div></div>



<h2 class="wp-block-heading">« Figures du nous »: Sechs Stimmen der zeitgenössischen frankophonen Literatur im Dialog</h2>



<figure class="wp-block-image aligncenter size-large is-resized"><img loading="lazy" decoding="async" width="724" height="1024" src="https://sites.uclouvain.be/narramuse/wp-content/uploads/2025/09/recit-postmigration-2-2-724x1024.jpg" alt="" class="wp-image-14443" style="width:300px" srcset="https://sites.uclouvain.be/narramuse/wp-content/uploads/2025/09/recit-postmigration-2-2-724x1024.jpg 724w, https://sites.uclouvain.be/narramuse/wp-content/uploads/2025/09/recit-postmigration-2-2-212x300.jpg 212w, https://sites.uclouvain.be/narramuse/wp-content/uploads/2025/09/recit-postmigration-2-2-768x1086.jpg 768w, https://sites.uclouvain.be/narramuse/wp-content/uploads/2025/09/recit-postmigration-2-2-1086x1536.jpg 1086w, https://sites.uclouvain.be/narramuse/wp-content/uploads/2025/09/recit-postmigration-2-2-1448x2048.jpg 1448w, https://sites.uclouvain.be/narramuse/wp-content/uploads/2025/09/recit-postmigration-2-2-scaled.jpg 1810w" sizes="auto, (max-width: 724px) 100vw, 724px" /></figure>



<p class="wp-block-paragraph"></p>



<p class="wp-block-paragraph"><strong>Nour Cadour</strong>, <strong>Hajar Azell</strong> und <strong>Asya Djoulaït</strong> sowie <strong>Diadié Dembélé</strong>, <strong>Zied Bakir</strong> und <strong>Sabre Bougrine</strong> verarbeiten in ihren Werken Themen, die sie nachhaltig prägen: das Familiengedächtnis, Migrationserfahrungen, das ständige Pendeln zwischen Räumen und Sprachen sowie die Frage nach Identität und Zugehörigkeit.</p>



<p class="wp-block-paragraph">In einer besonderen <strong>Podiumsdiskussion</strong> reflektieren die sechs Autorinnen und Autoren über die Herausforderungen und Bereicherungen des Schreibprozesses, bevor das Gespräch für das Publikum geöffnet wird. Die Veranstaltung findet am 17. September 2025 von 18 bis 20 Uhr im Musée L in Louvain-la-Neuve statt und schließt mit einer Signierstunde.</p>



<p class="wp-block-paragraph">Das Podium ist Teil der Tagung « <strong>Von gelebten Erfahrungen zu Erzählungen der Postmigration</strong> » (17.–19. September 2025, UCLouvain).</p>

<p>« Figures du nous »: Sechs Stimmen der zeitgenössischen frankophonen Literatur im Dialog Nour Cadour, Hajar Azell und Asya Djoulaït sowie Diadié Dembélé, Zied Bakir und Sabre Bougrine verarbeiten in ihren Werken Themen, die sie nachhaltig prägen: das Familiengedächtnis, Migrationserfahrungen, das ständige Pendeln zwischen Räumen und Sprachen sowie die Frage nach Identität und Zugehörigkeit. In einer besonderen [&hellip;]</p>
