{"id":14303,"date":"2025-09-06T23:33:58","date_gmt":"2025-09-06T21:33:58","guid":{"rendered":"https:\/\/sites.uclouvain.be\/narramuse\/?page_id=14303"},"modified":"2025-09-09T10:41:48","modified_gmt":"2025-09-09T08:41:48","slug":"panel-di-scrittori","status":"publish","type":"page","link":"https:\/\/sites.uclouvain.be\/narramuse\/it\/panel-di-scrittori\/","title":{"rendered":"Panel di scrittori\u00a0"},"content":{"rendered":"\n<div class=\"wp-block-group is-content-justification-center is-nowrap is-layout-flex wp-container-core-group-is-layout-f56f9fcf wp-block-group-is-layout-flex\"><nav class=\"is-responsive items-justified-center wp-block-navigation is-content-justification-center is-layout-flex wp-container-core-navigation-is-layout-3e41869c wp-block-navigation-is-layout-flex\" aria-label=\"Navigation 2\" \n\t\t data-wp-interactive=\"core\/navigation\" data-wp-context='{\"overlayOpenedBy\":{\"click\":false,\"hover\":false,\"focus\":false},\"type\":\"overlay\",\"roleAttribute\":\"\",\"ariaLabel\":\"Menu\"}'><button aria-haspopup=\"dialog\" aria-label=\"Ouvrir le menu\" class=\"wp-block-navigation__responsive-container-open\" \n\t\t\t\tdata-wp-on--click=\"actions.openMenuOnClick\"\n\t\t\t\tdata-wp-on--keydown=\"actions.handleMenuKeydown\"\n\t\t\t><svg width=\"24\" height=\"24\" xmlns=\"http:\/\/www.w3.org\/2000\/svg\" viewBox=\"0 0 24 24\" aria-hidden=\"true\" focusable=\"false\"><path d=\"M4 7.5h16v1.5H4z\"><\/path><path d=\"M4 15h16v1.5H4z\"><\/path><\/svg><\/button>\n\t\t\t\t<div class=\"wp-block-navigation__responsive-container\"  id=\"modal-1\" \n\t\t\t\tdata-wp-class--has-modal-open=\"state.isMenuOpen\"\n\t\t\t\tdata-wp-class--is-menu-open=\"state.isMenuOpen\"\n\t\t\t\tdata-wp-watch=\"callbacks.initMenu\"\n\t\t\t\tdata-wp-on--keydown=\"actions.handleMenuKeydown\"\n\t\t\t\tdata-wp-on--focusout=\"actions.handleMenuFocusout\"\n\t\t\t\ttabindex=\"-1\"\n\t\t\t>\n\t\t\t\t\t<div class=\"wp-block-navigation__responsive-close\" tabindex=\"-1\">\n\t\t\t\t\t\t<div class=\"wp-block-navigation__responsive-dialog\" \n\t\t\t\tdata-wp-bind--aria-modal=\"state.ariaModal\"\n\t\t\t\tdata-wp-bind--aria-label=\"state.ariaLabel\"\n\t\t\t\tdata-wp-bind--role=\"state.roleAttribute\"\n\t\t\t>\n\t\t\t\t\t\t\t<button aria-label=\"Fermer le menu\" class=\"wp-block-navigation__responsive-container-close\" \n\t\t\t\tdata-wp-on--click=\"actions.closeMenuOnClick\"\n\t\t\t><svg xmlns=\"http:\/\/www.w3.org\/2000\/svg\" viewBox=\"0 0 24 24\" width=\"24\" height=\"24\" aria-hidden=\"true\" focusable=\"false\"><path d=\"m13.06 12 6.47-6.47-1.06-1.06L12 10.94 5.53 4.47 4.47 5.53 10.94 12l-6.47 6.47 1.06 1.06L12 13.06l6.47 6.47 1.06-1.06L13.06 12Z\"><\/path><\/svg><\/button>\n\t\t\t\t\t\t\t<div class=\"wp-block-navigation__responsive-container-content\" \n\t\t\t\tdata-wp-watch=\"callbacks.focusFirstElement\"\n\t\t\t id=\"modal-1-content\">\n\t\t\t\t\t\t\t\t<ul class=\"wp-block-navigation__container is-responsive items-justified-center wp-block-navigation\"><li data-wp-context=\"{ &quot;submenuOpenedBy&quot;: { &quot;click&quot;: false, &quot;hover&quot;: false, &quot;focus&quot;: false }, &quot;type&quot;: &quot;submenu&quot;, &quot;modal&quot;: null, &quot;previousFocus&quot;: null }\" data-wp-interactive=\"core\/navigation\" data-wp-on--focusout=\"actions.handleMenuFocusout\" data-wp-on--keydown=\"actions.handleMenuKeydown\" data-wp-on--pointerenter=\"actions.openMenuOnHover\" data-wp-on--pointerleave=\"actions.closeMenuOnHover\" data-wp-watch=\"callbacks.initMenu\" tabindex=\"-1\" class=\"wp-block-navigation-item has-child open-on-hover-click wp-block-navigation-submenu\"><a class=\"wp-block-navigation-item__content\" href=\"https:\/\/sites.uclouvain.be\/narramuse\/it\/ricerca\/\"><span class=\"wp-block-navigation-item__label\">Ricerca<\/span><\/a><button data-wp-bind--aria-expanded=\"state.isSubmenuOpen\" data-wp-on--click=\"actions.toggleMenuOnClick\" aria-label=\"Sous-menu Ricerca\" class=\"wp-block-navigation__submenu-icon wp-block-navigation-submenu__toggle\" ><svg xmlns=\"http:\/\/www.w3.org\/2000\/svg\" width=\"12\" height=\"12\" viewBox=\"0 0 12 12\" fill=\"none\" aria-hidden=\"true\" focusable=\"false\"><path d=\"M1.50002 4L6.00002 8L10.5 4\" stroke-width=\"1.5\"><\/path><\/svg><\/button><ul data-wp-on--focus=\"actions.openMenuOnFocus\" class=\"wp-block-navigation__submenu-container wp-block-navigation-submenu\"><li class=\"wp-block-navigation-item wp-block-navigation-link\"><a class=\"wp-block-navigation-item__content\"  href=\"https:\/\/sites.uclouvain.be\/narramuse\/it\/oggetto-di-ricerca\/\"><span class=\"wp-block-navigation-item__label\">Oggetto<\/span><\/a><\/li><li class=\"wp-block-navigation-item wp-block-navigation-link\"><a class=\"wp-block-navigation-item__content\"  href=\"https:\/\/sites.uclouvain.be\/narramuse\/it\/programma-di-ricerca\/\"><span class=\"wp-block-navigation-item__label\">Programma<\/span><\/a><\/li><li class=\"wp-block-navigation-item wp-block-navigation-link\"><a class=\"wp-block-navigation-item__content\"  href=\"https:\/\/sites.uclouvain.be\/narramuse\/it\/ricerca\/\"><span class=\"wp-block-navigation-item__label\">Tesi<\/span><\/a><\/li><\/ul><\/li><li class=\"wp-block-navigation-item wp-block-navigation-link\"><a class=\"wp-block-navigation-item__content\"  href=\"https:\/\/sites.uclouvain.be\/narramuse\/it\/membri\/\"><span class=\"wp-block-navigation-item__label\">Chi siamo<\/span><\/a><\/li><li data-wp-context=\"{ &quot;submenuOpenedBy&quot;: { &quot;click&quot;: false, &quot;hover&quot;: false, &quot;focus&quot;: false }, &quot;type&quot;: &quot;submenu&quot;, &quot;modal&quot;: null, &quot;previousFocus&quot;: null }\" data-wp-interactive=\"core\/navigation\" data-wp-on--focusout=\"actions.handleMenuFocusout\" data-wp-on--keydown=\"actions.handleMenuKeydown\" data-wp-on--pointerenter=\"actions.openMenuOnHover\" data-wp-on--pointerleave=\"actions.closeMenuOnHover\" data-wp-watch=\"callbacks.initMenu\" tabindex=\"-1\" class=\"wp-block-navigation-item has-child open-on-hover-click wp-block-navigation-submenu\"><a class=\"wp-block-navigation-item__content\" href=\"https:\/\/sites.uclouvain.be\/narramuse\/it\/eventi-futuri\/\"><span class=\"wp-block-navigation-item__label\">Eventi<\/span><\/a><button data-wp-bind--aria-expanded=\"state.isSubmenuOpen\" data-wp-on--click=\"actions.toggleMenuOnClick\" aria-label=\"Sous-menu Eventi\" class=\"wp-block-navigation__submenu-icon wp-block-navigation-submenu__toggle\" ><svg xmlns=\"http:\/\/www.w3.org\/2000\/svg\" width=\"12\" height=\"12\" viewBox=\"0 0 12 12\" fill=\"none\" aria-hidden=\"true\" focusable=\"false\"><path d=\"M1.50002 4L6.00002 8L10.5 4\" stroke-width=\"1.5\"><\/path><\/svg><\/button><ul data-wp-on--focus=\"actions.openMenuOnFocus\" class=\"wp-block-navigation__submenu-container wp-block-navigation-submenu\"><li class=\"wp-block-navigation-item wp-block-navigation-link\"><a class=\"wp-block-navigation-item__content\"  href=\"https:\/\/sites.uclouvain.be\/narramuse\/it\/eventi-futuri\/\"><span class=\"wp-block-navigation-item__label\">Prossimi eventi<\/span><\/a><\/li><li class=\"wp-block-navigation-item wp-block-navigation-link\"><a class=\"wp-block-navigation-item__content\"  href=\"https:\/\/sites.uclouvain.be\/narramuse\/it\/eventi-passati-2\/\"><span class=\"wp-block-navigation-item__label\">Eventi passati<\/span><\/a><\/li><li class=\"wp-block-navigation-item wp-block-navigation-link\"><a class=\"wp-block-navigation-item__content\"  href=\"https:\/\/sites.uclouvain.be\/narramuse\/it\/convegno-internazionale\/\"><span class=\"wp-block-navigation-item__label\">Convegno internazionale NarraMuse<\/span><\/a><\/li><\/ul><\/li><li class=\"wp-block-navigation-item wp-block-navigation-link\"><a class=\"wp-block-navigation-item__content\"  href=\"https:\/\/sites.uclouvain.be\/narramuse\/actualites\/\"><span class=\"wp-block-navigation-item__label\">News<\/span><\/a><\/li><li class=\"wp-block-navigation-item wp-block-navigation-link\"><a class=\"wp-block-navigation-item__content\"  href=\"https:\/\/sites.uclouvain.be\/narramuse\/it\/contatto\/\"><span class=\"wp-block-navigation-item__label\">Contattaci<\/span><\/a><\/li><\/ul>\n\t\t\t\t\t\t\t\t\n\t\t\t\t\t\t\t<\/div>\n\t\t\t\t\t\t<\/div>\n\t\t\t\t\t<\/div>\n\t\t\t\t<\/div><\/nav>\n\n<div class=\"widget widget_polylang\"><label class=\"screen-reader-text\" for=\"lang_choice_polylang--1\">Choisir une langue<\/label><select name=\"lang_choice_polylang--1\" id=\"lang_choice_polylang--1\" class=\"pll-switcher-select\">\n\t<option value=\"https:\/\/sites.uclouvain.be\/narramuse\/panel-ecrivains\/\" lang=\"fr-FR\" selected='selected' data-lang=\"{&quot;id&quot;:0,&quot;name&quot;:&quot;Fran\\u00e7ais&quot;,&quot;slug&quot;:&quot;fr&quot;,&quot;dir&quot;:0}\">Fran\u00e7ais<\/option>\n\t<option value=\"https:\/\/sites.uclouvain.be\/narramuse\/en\/writers-panel\/\" lang=\"en-US\" data-lang=\"{&quot;id&quot;:0,&quot;name&quot;:&quot;English&quot;,&quot;slug&quot;:&quot;en&quot;,&quot;dir&quot;:0}\">English<\/option>\n\t<option value=\"https:\/\/sites.uclouvain.be\/narramuse\/de\/autorenpanel\/\" lang=\"de-DE\" data-lang=\"{&quot;id&quot;:0,&quot;name&quot;:&quot;Deutsch&quot;,&quot;slug&quot;:&quot;de&quot;,&quot;dir&quot;:0}\">Deutsch<\/option>\n\t<option value=\"https:\/\/sites.uclouvain.be\/narramuse\/it\/panel-di-scrittori\/\" lang=\"it-IT\" data-lang=\"{&quot;id&quot;:0,&quot;name&quot;:&quot;Italiano&quot;,&quot;slug&quot;:&quot;it&quot;,&quot;dir&quot;:0}\">Italiano<\/option>\n\n<\/select>\n<script>\n\t\t\t\t\tdocument.getElementById( \"lang_choice_polylang--1\" ).addEventListener( \"change\", function ( event ) { location.href = event.currentTarget.value; } )\n\t\t\t\t<\/script><\/div><\/div>\n\n\n\n<h2 class=\"wp-block-heading\">\u00ab\u00a0Figures du Nous\u00a0\u00bb: Sei voci della letteratura francofona contemporanea in dialogo<\/h2>\n\n\n\n<figure class=\"wp-block-image aligncenter size-large is-resized\"><img loading=\"lazy\" decoding=\"async\" width=\"724\" height=\"1024\" src=\"https:\/\/sites.uclouvain.be\/narramuse\/wp-content\/uploads\/2025\/09\/recit-postmigration-2-3-724x1024.jpg\" alt=\"\" class=\"wp-image-14483\" style=\"width:300px\" srcset=\"https:\/\/sites.uclouvain.be\/narramuse\/wp-content\/uploads\/2025\/09\/recit-postmigration-2-3-724x1024.jpg 724w, https:\/\/sites.uclouvain.be\/narramuse\/wp-content\/uploads\/2025\/09\/recit-postmigration-2-3-212x300.jpg 212w, https:\/\/sites.uclouvain.be\/narramuse\/wp-content\/uploads\/2025\/09\/recit-postmigration-2-3-768x1086.jpg 768w, https:\/\/sites.uclouvain.be\/narramuse\/wp-content\/uploads\/2025\/09\/recit-postmigration-2-3-1086x1536.jpg 1086w, https:\/\/sites.uclouvain.be\/narramuse\/wp-content\/uploads\/2025\/09\/recit-postmigration-2-3-1448x2048.jpg 1448w, https:\/\/sites.uclouvain.be\/narramuse\/wp-content\/uploads\/2025\/09\/recit-postmigration-2-3-scaled.jpg 1810w\" sizes=\"auto, (max-width: 724px) 100vw, 724px\" \/><\/figure>\n\n\n\n<p class=\"wp-block-paragraph\"><\/p>\n\n\n\n<p class=\"wp-block-paragraph\"><strong>Nour Cadour, Hajar Azell<\/strong>&nbsp;e&nbsp;<strong>Asya Djoula\u00eft<\/strong>, insieme a&nbsp;<strong>Diadi\u00e9 Demb\u00e9l\u00e9, Zied Bakir<\/strong>&nbsp;e&nbsp;<strong>Sabre Bougrine<\/strong>, esplorano nelle loro opere ci\u00f2 che li attraversa e li segna: la memoria familiare, l\u2019esperienza migratoria, il continuo oscillare tra lingue e spazi diversi, l\u2019identit\u00e0 e le domande che ci mette davanti.<\/p>\n\n\n\n<p class=\"wp-block-paragraph\">Questi sei autori e autrici racconteranno la loro esperienza della scrittura, fatta di profondit\u00e0 ma anche di leggerezza e ironia, in una <strong>tavola rotonda<\/strong> seguita da un dialogo con il pubblico, che si terr\u00e0 al Mus\u00e9e L di Louvain-la-Neuve il 17 settembre 2025, dalle 18 alle 20. \u00c8 previsto anche un firmacopie.<\/p>\n\n\n\n<p class=\"wp-block-paragraph\">Questo panel \u00e8 organizzato nell\u2019ambito del convegno \u00ab\u00a0<strong>Dal vissuto al racconto della postmigrazione<\/strong>\u00a0\u00bb (17-19 settembre 2025, UCLouvain).<\/p>\n\n\n\n<p class=\"wp-block-paragraph\"><\/p>\n","protected":false},"excerpt":{"rendered":"<p>\u00ab\u00a0Figures du Nous\u00a0\u00bb: Sei voci della letteratura francofona contemporanea in dialogo Nour Cadour, Hajar Azell&nbsp;e&nbsp;Asya Djoula\u00eft, insieme a&nbsp;Diadi\u00e9 Demb\u00e9l\u00e9, Zied Bakir&nbsp;e&nbsp;Sabre Bougrine, esplorano nelle loro opere ci\u00f2 che li attraversa e li segna: la memoria familiare, l\u2019esperienza migratoria, il continuo oscillare tra lingue e spazi diversi, l\u2019identit\u00e0 e le domande che ci mette davanti. Questi [&hellip;]<\/p>\n","protected":false},"author":53,"featured_media":0,"parent":0,"menu_order":0,"comment_status":"closed","ping_status":"closed","template":"header-footer-only","meta":{"footnotes":""},"class_list":["post-14303","page","type-page","status-publish","hentry"],"_links":{"self":[{"href":"https:\/\/sites.uclouvain.be\/narramuse\/wp-json\/wp\/v2\/pages\/14303","targetHints":{"allow":["GET"]}}],"collection":[{"href":"https:\/\/sites.uclouvain.be\/narramuse\/wp-json\/wp\/v2\/pages"}],"about":[{"href":"https:\/\/sites.uclouvain.be\/narramuse\/wp-json\/wp\/v2\/types\/page"}],"author":[{"embeddable":true,"href":"https:\/\/sites.uclouvain.be\/narramuse\/wp-json\/wp\/v2\/users\/53"}],"replies":[{"embeddable":true,"href":"https:\/\/sites.uclouvain.be\/narramuse\/wp-json\/wp\/v2\/comments?post=14303"}],"version-history":[{"count":4,"href":"https:\/\/sites.uclouvain.be\/narramuse\/wp-json\/wp\/v2\/pages\/14303\/revisions"}],"predecessor-version":[{"id":14663,"href":"https:\/\/sites.uclouvain.be\/narramuse\/wp-json\/wp\/v2\/pages\/14303\/revisions\/14663"}],"wp:attachment":[{"href":"https:\/\/sites.uclouvain.be\/narramuse\/wp-json\/wp\/v2\/media?parent=14303"}],"curies":[{"name":"wp","href":"https:\/\/api.w.org\/{rel}","templated":true}]}}

<div class="wp-block-group is-content-justification-center is-nowrap is-layout-flex wp-container-core-group-is-layout-f56f9fcf wp-block-group-is-layout-flex"><nav class="is-responsive items-justified-center wp-block-navigation is-content-justification-center is-layout-flex wp-container-core-navigation-is-layout-3e41869c wp-block-navigation-is-layout-flex" aria-label="Navigation 2" 
		 data-wp-interactive="core/navigation" data-wp-context='{"overlayOpenedBy":{"click":false,"hover":false,"focus":false},"type":"overlay","roleAttribute":"","ariaLabel":"Menu"}'><button aria-haspopup="dialog" aria-label="Ouvrir le menu" class="wp-block-navigation__responsive-container-open" 
				data-wp-on--click="actions.openMenuOnClick"
				data-wp-on--keydown="actions.handleMenuKeydown"
			><svg width="24" height="24" xmlns="http://www.w3.org/2000/svg" viewBox="0 0 24 24" aria-hidden="true" focusable="false"><path d="M4 7.5h16v1.5H4z"></path><path d="M4 15h16v1.5H4z"></path></svg></button>
				<div class="wp-block-navigation__responsive-container"  id="modal-1" 
				data-wp-class--has-modal-open="state.isMenuOpen"
				data-wp-class--is-menu-open="state.isMenuOpen"
				data-wp-watch="callbacks.initMenu"
				data-wp-on--keydown="actions.handleMenuKeydown"
				data-wp-on--focusout="actions.handleMenuFocusout"
				tabindex="-1"
			>
					<div class="wp-block-navigation__responsive-close" tabindex="-1">
						<div class="wp-block-navigation__responsive-dialog" 
				data-wp-bind--aria-modal="state.ariaModal"
				data-wp-bind--aria-label="state.ariaLabel"
				data-wp-bind--role="state.roleAttribute"
			>
							<button aria-label="Fermer le menu" class="wp-block-navigation__responsive-container-close" 
				data-wp-on--click="actions.closeMenuOnClick"
			><svg xmlns="http://www.w3.org/2000/svg" viewBox="0 0 24 24" width="24" height="24" aria-hidden="true" focusable="false"><path d="m13.06 12 6.47-6.47-1.06-1.06L12 10.94 5.53 4.47 4.47 5.53 10.94 12l-6.47 6.47 1.06 1.06L12 13.06l6.47 6.47 1.06-1.06L13.06 12Z"></path></svg></button>
							<div class="wp-block-navigation__responsive-container-content" 
				data-wp-watch="callbacks.focusFirstElement"
			 id="modal-1-content">
								<ul class="wp-block-navigation__container is-responsive items-justified-center wp-block-navigation"><li data-wp-context="{ &quot;submenuOpenedBy&quot;: { &quot;click&quot;: false, &quot;hover&quot;: false, &quot;focus&quot;: false }, &quot;type&quot;: &quot;submenu&quot;, &quot;modal&quot;: null, &quot;previousFocus&quot;: null }" data-wp-interactive="core/navigation" data-wp-on--focusout="actions.handleMenuFocusout" data-wp-on--keydown="actions.handleMenuKeydown" data-wp-on--pointerenter="actions.openMenuOnHover" data-wp-on--pointerleave="actions.closeMenuOnHover" data-wp-watch="callbacks.initMenu" tabindex="-1" class="wp-block-navigation-item has-child open-on-hover-click wp-block-navigation-submenu"><a class="wp-block-navigation-item__content" href="https://sites.uclouvain.be/narramuse/it/ricerca/"><span class="wp-block-navigation-item__label">Ricerca</span></a><button data-wp-bind--aria-expanded="state.isSubmenuOpen" data-wp-on--click="actions.toggleMenuOnClick" aria-label="Sous-menu Ricerca" class="wp-block-navigation__submenu-icon wp-block-navigation-submenu__toggle" ><svg xmlns="http://www.w3.org/2000/svg" width="12" height="12" viewBox="0 0 12 12" fill="none" aria-hidden="true" focusable="false"><path d="M1.50002 4L6.00002 8L10.5 4" stroke-width="1.5"></path></svg></button><ul data-wp-on--focus="actions.openMenuOnFocus" class="wp-block-navigation__submenu-container wp-block-navigation-submenu"><li class="wp-block-navigation-item wp-block-navigation-link"><a class="wp-block-navigation-item__content"  href="https://sites.uclouvain.be/narramuse/it/oggetto-di-ricerca/"><span class="wp-block-navigation-item__label">Oggetto</span></a></li><li class="wp-block-navigation-item wp-block-navigation-link"><a class="wp-block-navigation-item__content"  href="https://sites.uclouvain.be/narramuse/it/programma-di-ricerca/"><span class="wp-block-navigation-item__label">Programma</span></a></li><li class="wp-block-navigation-item wp-block-navigation-link"><a class="wp-block-navigation-item__content"  href="https://sites.uclouvain.be/narramuse/it/ricerca/"><span class="wp-block-navigation-item__label">Tesi</span></a></li></ul></li><li class="wp-block-navigation-item wp-block-navigation-link"><a class="wp-block-navigation-item__content"  href="https://sites.uclouvain.be/narramuse/it/membri/"><span class="wp-block-navigation-item__label">Chi siamo</span></a></li><li data-wp-context="{ &quot;submenuOpenedBy&quot;: { &quot;click&quot;: false, &quot;hover&quot;: false, &quot;focus&quot;: false }, &quot;type&quot;: &quot;submenu&quot;, &quot;modal&quot;: null, &quot;previousFocus&quot;: null }" data-wp-interactive="core/navigation" data-wp-on--focusout="actions.handleMenuFocusout" data-wp-on--keydown="actions.handleMenuKeydown" data-wp-on--pointerenter="actions.openMenuOnHover" data-wp-on--pointerleave="actions.closeMenuOnHover" data-wp-watch="callbacks.initMenu" tabindex="-1" class="wp-block-navigation-item has-child open-on-hover-click wp-block-navigation-submenu"><a class="wp-block-navigation-item__content" href="https://sites.uclouvain.be/narramuse/it/eventi-futuri/"><span class="wp-block-navigation-item__label">Eventi</span></a><button data-wp-bind--aria-expanded="state.isSubmenuOpen" data-wp-on--click="actions.toggleMenuOnClick" aria-label="Sous-menu Eventi" class="wp-block-navigation__submenu-icon wp-block-navigation-submenu__toggle" ><svg xmlns="http://www.w3.org/2000/svg" width="12" height="12" viewBox="0 0 12 12" fill="none" aria-hidden="true" focusable="false"><path d="M1.50002 4L6.00002 8L10.5 4" stroke-width="1.5"></path></svg></button><ul data-wp-on--focus="actions.openMenuOnFocus" class="wp-block-navigation__submenu-container wp-block-navigation-submenu"><li class="wp-block-navigation-item wp-block-navigation-link"><a class="wp-block-navigation-item__content"  href="https://sites.uclouvain.be/narramuse/it/eventi-futuri/"><span class="wp-block-navigation-item__label">Prossimi eventi</span></a></li><li class="wp-block-navigation-item wp-block-navigation-link"><a class="wp-block-navigation-item__content"  href="https://sites.uclouvain.be/narramuse/it/eventi-passati-2/"><span class="wp-block-navigation-item__label">Eventi passati</span></a></li><li class="wp-block-navigation-item wp-block-navigation-link"><a class="wp-block-navigation-item__content"  href="https://sites.uclouvain.be/narramuse/it/convegno-internazionale/"><span class="wp-block-navigation-item__label">Convegno internazionale NarraMuse</span></a></li></ul></li><li class="wp-block-navigation-item wp-block-navigation-link"><a class="wp-block-navigation-item__content"  href="https://sites.uclouvain.be/narramuse/actualites/"><span class="wp-block-navigation-item__label">News</span></a></li><li class="wp-block-navigation-item wp-block-navigation-link"><a class="wp-block-navigation-item__content"  href="https://sites.uclouvain.be/narramuse/it/contatto/"><span class="wp-block-navigation-item__label">Contattaci</span></a></li></ul>
								
							</div>
						</div>
					</div>
				</div></nav>

<div class="widget widget_polylang"><label class="screen-reader-text" for="lang_choice_polylang--1">Choisir une langue</label><select name="lang_choice_polylang--1" id="lang_choice_polylang--1" class="pll-switcher-select">
	<option value="https://sites.uclouvain.be/narramuse/panel-ecrivains/" lang="fr-FR" selected='selected' data-lang="{&quot;id&quot;:0,&quot;name&quot;:&quot;Fran\u00e7ais&quot;,&quot;slug&quot;:&quot;fr&quot;,&quot;dir&quot;:0}">Français</option>
	<option value="https://sites.uclouvain.be/narramuse/en/writers-panel/" lang="en-US" data-lang="{&quot;id&quot;:0,&quot;name&quot;:&quot;English&quot;,&quot;slug&quot;:&quot;en&quot;,&quot;dir&quot;:0}">English</option>
	<option value="https://sites.uclouvain.be/narramuse/de/autorenpanel/" lang="de-DE" data-lang="{&quot;id&quot;:0,&quot;name&quot;:&quot;Deutsch&quot;,&quot;slug&quot;:&quot;de&quot;,&quot;dir&quot;:0}">Deutsch</option>
	<option value="https://sites.uclouvain.be/narramuse/it/panel-di-scrittori/" lang="it-IT" data-lang="{&quot;id&quot;:0,&quot;name&quot;:&quot;Italiano&quot;,&quot;slug&quot;:&quot;it&quot;,&quot;dir&quot;:0}">Italiano</option>

</select>
<script>
					document.getElementById( "lang_choice_polylang--1" ).addEventListener( "change", function ( event ) { location.href = event.currentTarget.value; } )
				</script></div></div>



<h2 class="wp-block-heading">« Figures du Nous »: Sei voci della letteratura francofona contemporanea in dialogo</h2>



<figure class="wp-block-image aligncenter size-large is-resized"><img loading="lazy" decoding="async" width="724" height="1024" src="https://sites.uclouvain.be/narramuse/wp-content/uploads/2025/09/recit-postmigration-2-3-724x1024.jpg" alt="" class="wp-image-14483" style="width:300px" srcset="https://sites.uclouvain.be/narramuse/wp-content/uploads/2025/09/recit-postmigration-2-3-724x1024.jpg 724w, https://sites.uclouvain.be/narramuse/wp-content/uploads/2025/09/recit-postmigration-2-3-212x300.jpg 212w, https://sites.uclouvain.be/narramuse/wp-content/uploads/2025/09/recit-postmigration-2-3-768x1086.jpg 768w, https://sites.uclouvain.be/narramuse/wp-content/uploads/2025/09/recit-postmigration-2-3-1086x1536.jpg 1086w, https://sites.uclouvain.be/narramuse/wp-content/uploads/2025/09/recit-postmigration-2-3-1448x2048.jpg 1448w, https://sites.uclouvain.be/narramuse/wp-content/uploads/2025/09/recit-postmigration-2-3-scaled.jpg 1810w" sizes="auto, (max-width: 724px) 100vw, 724px" /></figure>



<p class="wp-block-paragraph"></p>



<p class="wp-block-paragraph"><strong>Nour Cadour, Hajar Azell</strong>&nbsp;e&nbsp;<strong>Asya Djoulaït</strong>, insieme a&nbsp;<strong>Diadié Dembélé, Zied Bakir</strong>&nbsp;e&nbsp;<strong>Sabre Bougrine</strong>, esplorano nelle loro opere ciò che li attraversa e li segna: la memoria familiare, l’esperienza migratoria, il continuo oscillare tra lingue e spazi diversi, l’identità e le domande che ci mette davanti.</p>



<p class="wp-block-paragraph">Questi sei autori e autrici racconteranno la loro esperienza della scrittura, fatta di profondità ma anche di leggerezza e ironia, in una <strong>tavola rotonda</strong> seguita da un dialogo con il pubblico, che si terrà al Musée L di Louvain-la-Neuve il 17 settembre 2025, dalle 18 alle 20. È previsto anche un firmacopie.</p>



<p class="wp-block-paragraph">Questo panel è organizzato nell’ambito del convegno « <strong>Dal vissuto al racconto della postmigrazione</strong> » (17-19 settembre 2025, UCLouvain).</p>



<p class="wp-block-paragraph"></p>

<p>« Figures du Nous »: Sei voci della letteratura francofona contemporanea in dialogo Nour Cadour, Hajar Azell&nbsp;e&nbsp;Asya Djoulaït, insieme a&nbsp;Diadié Dembélé, Zied Bakir&nbsp;e&nbsp;Sabre Bougrine, esplorano nelle loro opere ciò che li attraversa e li segna: la memoria familiare, l’esperienza migratoria, il continuo oscillare tra lingue e spazi diversi, l’identità e le domande che ci mette davanti. Questi [&hellip;]</p>
