{"id":6223,"date":"2020-07-16T15:54:11","date_gmt":"2020-07-16T13:54:11","guid":{"rendered":"https:\/\/sites.uclouvain.be\/lovele\/?page_id=6223"},"modified":"2020-07-17T13:39:20","modified_gmt":"2020-07-17T11:39:20","slug":"talleres-2017","status":"publish","type":"page","link":"https:\/\/sites.uclouvain.be\/lovele\/talleres-2017\/","title":{"rendered":"Talleres 2017"},"content":{"rendered":"<p>[et_pb_section fb_built=\u00bb1&#8243; fullwidth=\u00bbon\u00bb admin_label=\u00bbHero Section\u00bb _builder_version=\u00bb3.22&#8243;][et_pb_fullwidth_header title=\u00bbTalleres 2017&#8243; subhead=\u00bbDid\u00e1ctica del espa\u00f1ol lengua extranjera en la universidad de Lovaina (UCLouvain)<br \/>\n\u00bb text_orientation=\u00bbcenter\u00bb header_fullscreen=\u00bbon\u00bb background_overlay_color=\u00bbrgba(0,0,0,0.5)\u00bb title_font_color=\u00bb#ffffff\u00bb subhead_font_color=\u00bb#ffffff\u00bb _builder_version=\u00bb4.4.9&#8243; title_font=\u00bbNunito||||||||\u00bb title_text_color=\u00bb#ffffff\u00bb title_font_size=\u00bb80px\u00bb content_font=\u00bb||||||||\u00bb subhead_font=\u00bbOpen Sans||||||||\u00bb subhead_text_color=\u00bb#ffffff\u00bb subhead_font_size=\u00bb24px\u00bb subhead_line_height=\u00bb1.6em\u00bb background_color=\u00bbrgba(255, 255, 255, 0)\u00bb background_image=\u00bbhttps:\/\/sites.uclouvain.be\/lovele\/wp-content\/uploads\/2020\/07\/oli-dale-xjSkI_seiZY-unsplash-scaled.jpg\u00bb custom_button_one=\u00bbon\u00bb button_one_text_size=\u00bb14px\u00bb button_one_text_color=\u00bb#ffffff\u00bb button_one_bg_color=\u00bb#0099e5&#8243; button_one_border_width=\u00bb12px\u00bb button_one_border_color=\u00bb#0099e5&#8243; button_one_border_radius=\u00bb0px\u00bb button_one_letter_spacing=\u00bb2px\u00bb button_one_font=\u00bbNunito|700||on|||||\u00bb button_one_use_icon=\u00bboff\u00bb background_layout=\u00bblight\u00bb min_height=\u00bb100px\u00bb height=\u00bb100px\u00bb max_height=\u00bb440px\u00bb custom_padding=\u00bb||0px|||\u00bb animation_style=\u00bbfade\u00bb title_font_size_tablet=\u00bb\u00bb title_font_size_phone=\u00bb48px\u00bb title_font_size_last_edited=\u00bbon|phone\u00bb subhead_font_size_tablet=\u00bb\u00bb subhead_font_size_phone=\u00bb\u00bb subhead_font_size_last_edited=\u00bbon|phone\u00bb button_one_text_color_hover=\u00bb#ffffff\u00bb button_one_border_color_hover=\u00bb#0099e5&#8243; button_one_border_radius_hover=\u00bb0px\u00bb button_one_letter_spacing_hover=\u00bb2px\u00bb button_one_bg_color_hover=\u00bb#0099e5&#8243; button_one_text_size__hover_enabled=\u00bboff\u00bb button_two_text_size__hover_enabled=\u00bboff\u00bb button_one_text_color__hover_enabled=\u00bbon\u00bb button_one_text_color__hover=\u00bb#ffffff\u00bb button_two_text_color__hover_enabled=\u00bboff\u00bb button_one_border_width__hover_enabled=\u00bboff\u00bb button_two_border_width__hover_enabled=\u00bboff\u00bb button_one_border_color__hover_enabled=\u00bbon\u00bb button_one_border_color__hover=\u00bb#0099e5&#8243; button_two_border_color__hover_enabled=\u00bboff\u00bb button_one_border_radius__hover_enabled=\u00bbon\u00bb button_one_border_radius__hover=\u00bb0px\u00bb button_two_border_radius__hover_enabled=\u00bboff\u00bb button_one_letter_spacing__hover_enabled=\u00bbon\u00bb button_one_letter_spacing__hover=\u00bb2px\u00bb button_two_letter_spacing__hover_enabled=\u00bboff\u00bb button_one_bg_color__hover_enabled=\u00bbon\u00bb button_one_bg_color__hover=\u00bb#0099e5&#8243; button_two_bg_color__hover_enabled=\u00bboff\u00bb][\/et_pb_fullwidth_header][\/et_pb_section][et_pb_section fb_built=\u00bb1&#8243; admin_label=\u00bbCategory Search Section\u00bb _builder_version=\u00bb3.22&#8243; min_height=\u00bb1105px\u00bb custom_margin=\u00bb||210px|||\u00bb custom_padding=\u00bb0px||110px|||\u00bb][et_pb_row admin_label=\u00bbCategory Search Title Area\u00bb _builder_version=\u00bb3.25&#8243; min_height=\u00bb87px\u00bb locked=\u00bboff\u00bb][et_pb_column type=\u00bb4_4&#8243; _builder_version=\u00bb3.25&#8243; custom_padding=\u00bb|||\u00bb custom_padding__hover=\u00bb|||\u00bb][et_pb_text admin_label=\u00bbTitle\u00bb _builder_version=\u00bb3.27.4&#8243; text_font=\u00bb||||||||\u00bb header_font=\u00bb||||||||\u00bb header_2_font=\u00bbNunito||||||||\u00bb header_2_text_align=\u00bbcenter\u00bb header_2_text_color=\u00bb#263954&#8243; header_2_font_size=\u00bb36px\u00bb header_2_line_height=\u00bb1.4em\u00bb custom_margin=\u00bb||5px|\u00bb animation_style=\u00bbfold\u00bb animation_direction=\u00bbbottom\u00bb animation_intensity_fold=\u00bb20%\u00bb animation_starting_opacity=\u00bb100%\u00bb]<\/p>\n<h2>Talleres y talleristas<\/h2>\n<p>[\/et_pb_text][et_pb_divider color=\u00bb#0099e5&#8243; divider_position=\u00bbcenter\u00bb divider_weight=\u00bb2px\u00bb _builder_version=\u00bb3.2&#8243; max_width=\u00bb50px\u00bb module_alignment=\u00bbcenter\u00bb][\/et_pb_divider][\/et_pb_column][\/et_pb_row][et_pb_row column_structure=\u00bb1_3,1_3,1_3&#8243; admin_label=\u00bbCategories\u00bb _builder_version=\u00bb4.4.9&#8243; custom_padding=\u00bb20px|||\u00bb custom_width_px=\u00bb1440px\u00bb][et_pb_column type=\u00bb1_3&#8243; _builder_version=\u00bb3.25&#8243; custom_padding=\u00bb|||\u00bb custom_padding__hover=\u00bb|||\u00bb][et_pb_blurb title=\u00bb20.01.17 Taller Inauguraci\u00f3n\u00bb url=\u00bbhttps:\/\/sites.uclouvain.be\/lovele\/2020\/07\/16\/20-01-17-taller-inauguracion\/\u00bb image=\u00bbhttps:\/\/sites.uclouvain.be\/lovele\/wp-content\/uploads\/2020\/07\/bus.jpg\u00bb _builder_version=\u00bb4.4.9&#8243; header_level=\u00bbh3&#8243; header_font=\u00bbNunito||||||||\u00bb header_text_color=\u00bb#263954&#8243; header_font_size=\u00bb24px\u00bb header_line_height=\u00bb1.3em\u00bb body_font=\u00bb||||||||\u00bb body_font_size=\u00bb15px\u00bb body_line_height=\u00bb1.8em\u00bb animation=\u00bboff\u00bb link_option_url=\u00bbhttps:\/\/sites.uclouvain.be\/lovele\/2020\/07\/16\/20-01-17-taller-inauguracion\/\u00bb]<\/p>\n<h3 style=\"text-align: center;\"><strong>\u00abEl desarrollo profesional del docente de ELE\u00bb<\/strong><\/h3>\n<p><strong><\/strong><\/p>\n<h4 style=\"text-align: center;\"><strong><span>Elena Verd\u00eda<\/span><\/strong><\/h4>\n<p>[\/et_pb_blurb][\/et_pb_column][et_pb_column type=\u00bb1_3&#8243; _builder_version=\u00bb3.25&#8243; custom_padding=\u00bb|||\u00bb custom_padding__hover=\u00bb|||\u00bb][et_pb_blurb title=\u00bb10.02.17 \u00bfDe d\u00f3nde venimos, d\u00f3nde estamos y ad\u00f3nde vamos?\u00bb image=\u00bbhttps:\/\/sites.uclouvain.be\/lovele\/wp-content\/uploads\/2020\/07\/foto-portada-263&#215;300-1.jpg\u00bb _builder_version=\u00bb4.4.9&#8243; header_level=\u00bbh3&#8243; header_font=\u00bbNunito||||||||\u00bb header_text_color=\u00bb#263954&#8243; header_font_size=\u00bb24px\u00bb header_line_height=\u00bb1.3em\u00bb body_font=\u00bb||||||||\u00bb body_font_size=\u00bb15px\u00bb body_line_height=\u00bb1.8em\u00bb animation=\u00bboff\u00bb hover_enabled=\u00bb0&#8243; locked=\u00bboff\u00bb title_text=\u00bbfoto-portada-263&#215;300&#8243; url=\u00bbhttps:\/\/sites.uclouvain.be\/lovele\/2020\/07\/16\/10-02-17-de-donde-venimos-donde-estamos-y-adonde-vamos\/\u00bb link_option_url=\u00bbhttps:\/\/sites.uclouvain.be\/lovele\/2020\/07\/16\/10-02-17-de-donde-venimos-donde-estamos-y-adonde-vamos\/\u00bb]<\/p>\n<h4 style=\"text-align: center;\">Algunas reflexiones sobre la evoluci\u00f3n de los materiales did\u00e1cticos de ELE<\/h4>\n<h4 style=\"text-align: center;\">Neus Sans<\/h4>\n<p>[\/et_pb_blurb][\/et_pb_column][et_pb_column type=\u00bb1_3&#8243; _builder_version=\u00bb3.25&#8243; custom_padding=\u00bb|||\u00bb custom_padding__hover=\u00bb|||\u00bb][et_pb_blurb title=\u00bb17.03.17 Comunicaci\u00f3n significativa en clase de ELE a trav\u00e9s de las nuevas tecnolog\u00edas\u00bb image=\u00bbhttps:\/\/sites.uclouvain.be\/lovele\/wp-content\/uploads\/2020\/07\/cable-foto-taller-300&#215;233-1.png\u00bb _builder_version=\u00bb4.4.9&#8243; header_level=\u00bbh3&#8243; header_font=\u00bbNunito||||||||\u00bb header_text_color=\u00bb#263954&#8243; header_font_size=\u00bb24px\u00bb header_line_height=\u00bb1.3em\u00bb body_font=\u00bb||||||||\u00bb body_font_size=\u00bb15px\u00bb body_line_height=\u00bb1.8em\u00bb animation=\u00bboff\u00bb hover_enabled=\u00bb0&#8243; locked=\u00bboff\u00bb url=\u00bbhttps:\/\/sites.uclouvain.be\/lovele\/2020\/07\/16\/17-03-17-comunicacion-significativa-en-clase-de-ele-a-traves-de-las-nuevas-tecnologias\/\u00bb link_option_url=\u00bbhttps:\/\/sites.uclouvain.be\/lovele\/2020\/07\/16\/17-03-17-comunicacion-significativa-en-clase-de-ele-a-traves-de-las-nuevas-tecnologias\/\u00bb title_text=\u00bbcable-foto-taller-300&#215;233&#8243;]<\/p>\n<h4 style=\"text-align: center;\"><strong style=\"font-size: 18px;\">Silvia Canto<\/strong><\/h4>\n<p>[\/et_pb_blurb][\/et_pb_column][\/et_pb_row][et_pb_row column_structure=\u00bb1_3,1_3,1_3&#8243; admin_label=\u00bbCategories\u00bb _builder_version=\u00bb4.4.9&#8243; custom_padding=\u00bb20px|||\u00bb custom_width_px=\u00bb1440px\u00bb][et_pb_column type=\u00bb1_3&#8243; _builder_version=\u00bb3.25&#8243; custom_padding=\u00bb|||\u00bb custom_padding__hover=\u00bb|||\u00bb][et_pb_blurb title=\u00bb23.06.17 &#8211; Comprensi\u00f3n lectora en el aula de ELE: habilidades y estrategias\u00bb url=\u00bbhttps:\/\/sites.uclouvain.be\/lovele\/2020\/07\/16\/23-06-17-comprension-lectora-en-el-aula-de-ele-habilidades-y-estrategias\/\u00bb image=\u00bbhttps:\/\/sites.uclouvain.be\/lovele\/wp-content\/uploads\/2020\/07\/foto-gafas-300&#215;198-1.jpg\u00bb _builder_version=\u00bb4.4.9&#8243; header_level=\u00bbh3&#8243; header_font=\u00bbNunito||||||||\u00bb header_text_color=\u00bb#263954&#8243; header_font_size=\u00bb24px\u00bb header_line_height=\u00bb1.3em\u00bb body_font=\u00bb||||||||\u00bb body_font_size=\u00bb15px\u00bb body_line_height=\u00bb1.8em\u00bb animation=\u00bboff\u00bb link_option_url=\u00bbhttps:\/\/sites.uclouvain.be\/lovele\/2020\/07\/16\/23-06-17-comprension-lectora-en-el-aula-de-ele-habilidades-y-estrategias\/\u00bb hover_enabled=\u00bb0&#8243; title_text=\u00bbfoto-gafas-300&#215;198&#8243;]<\/p>\n<h3><\/h3>\n<h4 style=\"text-align: center;\"><strong><span>Encina Alonso<\/span><\/strong><\/h4>\n<h3><\/h3>\n<p>[\/et_pb_blurb][\/et_pb_column][et_pb_column type=\u00bb1_3&#8243; _builder_version=\u00bb3.25&#8243; custom_padding=\u00bb|||\u00bb custom_padding__hover=\u00bb|||\u00bb][\/et_pb_column][et_pb_column type=\u00bb1_3&#8243; _builder_version=\u00bb3.25&#8243; custom_padding=\u00bb|||\u00bb custom_padding__hover=\u00bb|||\u00bb][et_pb_blurb title=\u00bb04.07.17- Taller de Clausura ELE Lovaina 2017&#8243; image=\u00bbhttps:\/\/sites.uclouvain.be\/lovele\/wp-content\/uploads\/2020\/07\/foto-inicial-300&#215;174-1.jpg\u00bb _builder_version=\u00bb4.4.9&#8243; header_level=\u00bbh3&#8243; header_font=\u00bbNunito||||||||\u00bb header_text_color=\u00bb#263954&#8243; header_font_size=\u00bb24px\u00bb header_line_height=\u00bb1.3em\u00bb body_font=\u00bb||||||||\u00bb body_font_size=\u00bb15px\u00bb body_line_height=\u00bb1.8em\u00bb animation=\u00bboff\u00bb hover_enabled=\u00bb0&#8243; locked=\u00bboff\u00bb url=\u00bbhttps:\/\/sites.uclouvain.be\/lovele\/2020\/07\/16\/04-07-17-taller-de-clausura-ele-lovaina-2017\/\u00bb link_option_url=\u00bbhttps:\/\/sites.uclouvain.be\/lovele\/2020\/07\/16\/04-07-17-taller-de-clausura-ele-lovaina-2017\/\u00bb title_text=\u00bbfoto-inicial-300&#215;174&#8243;]<\/p>\n<h4 style=\"text-align: center;\"><strong>\u00bb Explorando la dimensi\u00f3n afectiva en la did\u00e1ctica de ELE\u00bb (Clausura del Certificado \u00abELE Lovaina\u00bb)<\/strong><\/h4>\n<h4 style=\"text-align: center;\"><strong><span>Jane Arnold<\/span><\/strong><\/h4>\n<p>[\/et_pb_blurb][\/et_pb_column][\/et_pb_row][\/et_pb_section]<\/p>\n","protected":false},"excerpt":{"rendered":"<p>Talleres y talleristas\u00bbEl desarrollo profesional del docente de ELE\u00bb Elena Verd\u00edaAlgunas reflexiones sobre la evoluci\u00f3n de los materiales did\u00e1cticos de ELE Neus Sans Silvia Canto Encina Alonso \u00bb Explorando la dimensi\u00f3n afectiva en la did\u00e1ctica de ELE\u00bb (Clausura del Certificado \u00abELE Lovaina\u00bb) Jane Arnold<\/p>\n","protected":false},"author":13,"featured_media":0,"parent":0,"menu_order":0,"comment_status":"closed","ping_status":"closed","template":"","meta":{"_et_pb_use_builder":"on","_et_pb_old_content":"","_et_gb_content_width":"","footnotes":""},"class_list":["post-6223","page","type-page","status-publish","hentry"],"yoast_head":"<!-- This site is optimized with the Yoast SEO plugin v27.4 - https:\/\/yoast.com\/product\/yoast-seo-wordpress\/ -->\n<title>Talleres 2017 - LovELE<\/title>\n<meta name=\"robots\" content=\"index, follow, max-snippet:-1, max-image-preview:large, max-video-preview:-1\" \/>\n<link rel=\"canonical\" href=\"https:\/\/sites.uclouvain.be\/lovele\/talleres-2017\/\" \/>\n<meta property=\"og:locale\" content=\"es_ES\" \/>\n<meta property=\"og:type\" content=\"article\" \/>\n<meta property=\"og:title\" content=\"Talleres 2017 - LovELE\" \/>\n<meta property=\"og:description\" content=\"Talleres y talleristas&quot;El desarrollo profesional del docente de ELE&quot; Elena Verd\u00edaAlgunas reflexiones sobre la evoluci\u00f3n de los materiales did\u00e1cticos de ELE Neus Sans Silvia Canto Encina Alonso &quot; Explorando la dimensi\u00f3n afectiva en la did\u00e1ctica de ELE&quot; (Clausura del Certificado &quot;ELE Lovaina&quot;) Jane Arnold\" \/>\n<meta property=\"og:url\" content=\"https:\/\/sites.uclouvain.be\/lovele\/talleres-2017\/\" \/>\n<meta property=\"og:site_name\" content=\"LovELE\" \/>\n<meta property=\"article:publisher\" content=\"https:\/\/www.facebook.com\/Loveleucl\/\" \/>\n<meta property=\"article:modified_time\" content=\"2020-07-17T11:39:20+00:00\" \/>\n<meta name=\"twitter:card\" content=\"summary_large_image\" \/>\n<meta name=\"twitter:site\" content=\"@lovele_ucl\" \/>\n<meta name=\"twitter:label1\" content=\"Tiempo de lectura\" \/>\n\t<meta name=\"twitter:data1\" content=\"5 minutos\" \/>\n<script type=\"application\/ld+json\" class=\"yoast-schema-graph\">{\"@context\":\"https:\\\/\\\/schema.org\",\"@graph\":[{\"@type\":\"WebPage\",\"@id\":\"https:\\\/\\\/sites.uclouvain.be\\\/lovele\\\/talleres-2017\\\/\",\"url\":\"https:\\\/\\\/sites.uclouvain.be\\\/lovele\\\/talleres-2017\\\/\",\"name\":\"Talleres 2017 - LovELE\",\"isPartOf\":{\"@id\":\"https:\\\/\\\/sites.uclouvain.be\\\/lovele\\\/#website\"},\"datePublished\":\"2020-07-16T13:54:11+00:00\",\"dateModified\":\"2020-07-17T11:39:20+00:00\",\"breadcrumb\":{\"@id\":\"https:\\\/\\\/sites.uclouvain.be\\\/lovele\\\/talleres-2017\\\/#breadcrumb\"},\"inLanguage\":\"es\",\"potentialAction\":[{\"@type\":\"ReadAction\",\"target\":[\"https:\\\/\\\/sites.uclouvain.be\\\/lovele\\\/talleres-2017\\\/\"]}]},{\"@type\":\"BreadcrumbList\",\"@id\":\"https:\\\/\\\/sites.uclouvain.be\\\/lovele\\\/talleres-2017\\\/#breadcrumb\",\"itemListElement\":[{\"@type\":\"ListItem\",\"position\":1,\"name\":\"Portada\",\"item\":\"https:\\\/\\\/sites.uclouvain.be\\\/lovele\\\/\"},{\"@type\":\"ListItem\",\"position\":2,\"name\":\"Talleres 2017\"}]},{\"@type\":\"WebSite\",\"@id\":\"https:\\\/\\\/sites.uclouvain.be\\\/lovele\\\/#website\",\"url\":\"https:\\\/\\\/sites.uclouvain.be\\\/lovele\\\/\",\"name\":\"LovELE\",\"description\":\"Ense\u00f1anza y el aprendizaje del espa\u00f1ol como lengua extranjera (ELE)\",\"publisher\":{\"@id\":\"https:\\\/\\\/sites.uclouvain.be\\\/lovele\\\/#organization\"},\"potentialAction\":[{\"@type\":\"SearchAction\",\"target\":{\"@type\":\"EntryPoint\",\"urlTemplate\":\"https:\\\/\\\/sites.uclouvain.be\\\/lovele\\\/?s={search_term_string}\"},\"query-input\":{\"@type\":\"PropertyValueSpecification\",\"valueRequired\":true,\"valueName\":\"search_term_string\"}}],\"inLanguage\":\"es\"},{\"@type\":\"Organization\",\"@id\":\"https:\\\/\\\/sites.uclouvain.be\\\/lovele\\\/#organization\",\"name\":\"LovELE\",\"url\":\"https:\\\/\\\/sites.uclouvain.be\\\/lovele\\\/\",\"logo\":{\"@type\":\"ImageObject\",\"inLanguage\":\"es\",\"@id\":\"https:\\\/\\\/sites.uclouvain.be\\\/lovele\\\/#\\\/schema\\\/logo\\\/image\\\/\",\"url\":\"\",\"contentUrl\":\"\",\"caption\":\"LovELE\"},\"image\":{\"@id\":\"https:\\\/\\\/sites.uclouvain.be\\\/lovele\\\/#\\\/schema\\\/logo\\\/image\\\/\"},\"sameAs\":[\"https:\\\/\\\/www.facebook.com\\\/Loveleucl\\\/\",\"https:\\\/\\\/x.com\\\/lovele_ucl\",\"https:\\\/\\\/www.instagram.com\\\/lovele_ucl\\\/\",\"https:\\\/\\\/www.youtube.com\\\/channel\\\/UCz5iDZlU09JIL3uuOngurFA\"]}]}<\/script>\n<!-- \/ Yoast SEO plugin. -->","yoast_head_json":{"title":"Talleres 2017 - LovELE","robots":{"index":"index","follow":"follow","max-snippet":"max-snippet:-1","max-image-preview":"max-image-preview:large","max-video-preview":"max-video-preview:-1"},"canonical":"https:\/\/sites.uclouvain.be\/lovele\/talleres-2017\/","og_locale":"es_ES","og_type":"article","og_title":"Talleres 2017 - LovELE","og_description":"Talleres y talleristas\"El desarrollo profesional del docente de ELE\" Elena Verd\u00edaAlgunas reflexiones sobre la evoluci\u00f3n de los materiales did\u00e1cticos de ELE Neus Sans Silvia Canto Encina Alonso \" Explorando la dimensi\u00f3n afectiva en la did\u00e1ctica de ELE\" (Clausura del Certificado \"ELE Lovaina\") Jane Arnold","og_url":"https:\/\/sites.uclouvain.be\/lovele\/talleres-2017\/","og_site_name":"LovELE","article_publisher":"https:\/\/www.facebook.com\/Loveleucl\/","article_modified_time":"2020-07-17T11:39:20+00:00","twitter_card":"summary_large_image","twitter_site":"@lovele_ucl","twitter_misc":{"Tiempo de lectura":"5 minutos"},"schema":{"@context":"https:\/\/schema.org","@graph":[{"@type":"WebPage","@id":"https:\/\/sites.uclouvain.be\/lovele\/talleres-2017\/","url":"https:\/\/sites.uclouvain.be\/lovele\/talleres-2017\/","name":"Talleres 2017 - LovELE","isPartOf":{"@id":"https:\/\/sites.uclouvain.be\/lovele\/#website"},"datePublished":"2020-07-16T13:54:11+00:00","dateModified":"2020-07-17T11:39:20+00:00","breadcrumb":{"@id":"https:\/\/sites.uclouvain.be\/lovele\/talleres-2017\/#breadcrumb"},"inLanguage":"es","potentialAction":[{"@type":"ReadAction","target":["https:\/\/sites.uclouvain.be\/lovele\/talleres-2017\/"]}]},{"@type":"BreadcrumbList","@id":"https:\/\/sites.uclouvain.be\/lovele\/talleres-2017\/#breadcrumb","itemListElement":[{"@type":"ListItem","position":1,"name":"Portada","item":"https:\/\/sites.uclouvain.be\/lovele\/"},{"@type":"ListItem","position":2,"name":"Talleres 2017"}]},{"@type":"WebSite","@id":"https:\/\/sites.uclouvain.be\/lovele\/#website","url":"https:\/\/sites.uclouvain.be\/lovele\/","name":"LovELE","description":"Ense\u00f1anza y el aprendizaje del espa\u00f1ol como lengua extranjera (ELE)","publisher":{"@id":"https:\/\/sites.uclouvain.be\/lovele\/#organization"},"potentialAction":[{"@type":"SearchAction","target":{"@type":"EntryPoint","urlTemplate":"https:\/\/sites.uclouvain.be\/lovele\/?s={search_term_string}"},"query-input":{"@type":"PropertyValueSpecification","valueRequired":true,"valueName":"search_term_string"}}],"inLanguage":"es"},{"@type":"Organization","@id":"https:\/\/sites.uclouvain.be\/lovele\/#organization","name":"LovELE","url":"https:\/\/sites.uclouvain.be\/lovele\/","logo":{"@type":"ImageObject","inLanguage":"es","@id":"https:\/\/sites.uclouvain.be\/lovele\/#\/schema\/logo\/image\/","url":"","contentUrl":"","caption":"LovELE"},"image":{"@id":"https:\/\/sites.uclouvain.be\/lovele\/#\/schema\/logo\/image\/"},"sameAs":["https:\/\/www.facebook.com\/Loveleucl\/","https:\/\/x.com\/lovele_ucl","https:\/\/www.instagram.com\/lovele_ucl\/","https:\/\/www.youtube.com\/channel\/UCz5iDZlU09JIL3uuOngurFA"]}]}},"_links":{"self":[{"href":"https:\/\/sites.uclouvain.be\/lovele\/wp-json\/wp\/v2\/pages\/6223","targetHints":{"allow":["GET"]}}],"collection":[{"href":"https:\/\/sites.uclouvain.be\/lovele\/wp-json\/wp\/v2\/pages"}],"about":[{"href":"https:\/\/sites.uclouvain.be\/lovele\/wp-json\/wp\/v2\/types\/page"}],"author":[{"embeddable":true,"href":"https:\/\/sites.uclouvain.be\/lovele\/wp-json\/wp\/v2\/users\/13"}],"replies":[{"embeddable":true,"href":"https:\/\/sites.uclouvain.be\/lovele\/wp-json\/wp\/v2\/comments?post=6223"}],"version-history":[{"count":5,"href":"https:\/\/sites.uclouvain.be\/lovele\/wp-json\/wp\/v2\/pages\/6223\/revisions"}],"predecessor-version":[{"id":6553,"href":"https:\/\/sites.uclouvain.be\/lovele\/wp-json\/wp\/v2\/pages\/6223\/revisions\/6553"}],"wp:attachment":[{"href":"https:\/\/sites.uclouvain.be\/lovele\/wp-json\/wp\/v2\/media?parent=6223"}],"curies":[{"name":"wp","href":"https:\/\/api.w.org\/{rel}","templated":true}]}}