{"id":38003,"date":"2022-06-09T11:14:25","date_gmt":"2022-06-09T09:14:25","guid":{"rendered":"https:\/\/sites.uclouvain.be\/bkl-cbl\/?page_id=38003"},"modified":"2022-10-27T15:04:56","modified_gmt":"2022-10-27T13:04:56","slug":"taaldag-2022","status":"publish","type":"page","link":"https:\/\/sites.uclouvain.be\/bkl-cbl\/nl\/congressen\/taaldag\/taaldag-2022\/","title":{"rendered":"Taaldag 2022"},"content":{"rendered":"\n<p><strong>Vrijdag 21 oktober<\/strong> <strong>2022, Universit\u00e9 de Li\u00e8ge \u2013 <strong>B\u00e2timent L5<\/strong><\/strong> (<strong>Rue de Pitteurs, 18)<\/strong><\/p>\n\n\n\n<p class=\"has-text-align-center\"><strong><a rel=\"noreferrer noopener\" href=\"https:\/\/sites.uclouvain.be\/bkl-cbl\/?smd_process_download=1&amp;download_id=38243\" target=\"_blank\">Programme<\/a> | <a rel=\"noreferrer noopener\" href=\"https:\/\/sites.uclouvain.be\/bkl-cbl\/?smd_process_download=1&amp;download_id=38353\" target=\"_blank\">Book of abstracts<\/a><\/strong><\/p>\n\n\n\n<p>Bedankt aan iedereen die heeft deelgenomen aan de Linguists\u2019 Day 2022, op vrijdag 21 oktober!<\/p>\n\n\n\n<p>Bedankt aan het team van Li\u00e8ge dat verantwoordelijk was voor de organisatie!<\/p>\n\n\n\n<center><figure class=\"wp-block-image size-full is-resized is-style-rounded\"><img decoding=\"async\" src=\"https:\/\/sites.uclouvain.be\/bkl-cbl\/wp-content\/uploads\/2022\/10\/IMG-20221021-WA0000-edited.jpg\" alt=\"\" class=\"wp-image-38943\" width=\"60%\" srcset=\"https:\/\/sites.uclouvain.be\/bkl-cbl\/wp-content\/uploads\/2022\/10\/IMG-20221021-WA0000-edited.jpg 769w, https:\/\/sites.uclouvain.be\/bkl-cbl\/wp-content\/uploads\/2022\/10\/IMG-20221021-WA0000-edited-300x300.jpg 300w, https:\/\/sites.uclouvain.be\/bkl-cbl\/wp-content\/uploads\/2022\/10\/IMG-20221021-WA0000-edited-150x150.jpg 150w\" sizes=\"(max-width: 769px) 100vw, 769px\" \/><\/figure><\/center>\n\n\n\n<p>Deze Linguists\u2019 day was een gelegenheid om vele presentaties te horen van jonge en minder jonge onderzoekers, allemaal van zeer hoog niveau. Tussen het grote aantal excellente kandidaten voor de <strong>CBL-BKL award <\/strong>dit jaar heeft de jury de moeilijke keuze moeten maken om een ex-aequo prijs toe te kennen aan<\/p>\n\n\n\n<p><strong>J\u00e9r\u00e9my Genette (UAntwerp)<\/strong>, \u201cWhere to measure within vowels? Comparison and evaluation of acoustic techniques for the selection of measurement points\u201d<\/p>\n\n\n\n<p>en<\/p>\n\n\n\n<p><strong>Joren Somers (UGent)<\/strong>, \u201cWord order distributions within alternating Dat-Nom \/ Nom-Dat constructions in German and Icelandic\u201d<\/p>\n\n\n\n<p><\/p>\n\n\n\n<p>Proficiat aan de winnaars!&nbsp;<\/p>\n\n\n\n<p><\/p>\n\n\n\n<p class=\"has-text-align-left\"><strong>Organisatie :<\/strong><br>Marie Steffens<br>Nicolas Mazziotta<br>Esther Baiwir<br>Julien Perrez<br>Laurent Rasier<br>An Van Linden<br>St\u00e9phane Polis<br>Dominique Longr\u00e9e<br>L\u00e9onore Dubru<br>Nicolas Gregov<\/p>\n","protected":false},"excerpt":{"rendered":"<p>Vrijdag 21 oktober 2022, Universit\u00e9 de Li\u00e8ge \u2013 B\u00e2timent L5 (Rue de Pitteurs, 18) Programme | Book of abstracts Bedankt aan iedereen die heeft deelgenomen &hellip; <a title=\"Taaldag 2022\" class=\"bnm-read-more\" href=\"https:\/\/sites.uclouvain.be\/bkl-cbl\/nl\/congressen\/taaldag\/taaldag-2022\/\"><span class=\"screen-reader-text\">Taaldag 2022<\/span>Read more<\/a><\/p>\n","protected":false},"author":53,"featured_media":0,"parent":463,"menu_order":0,"comment_status":"closed","ping_status":"closed","template":"","meta":{"footnotes":""},"class_list":["post-38003","page","type-page","status-publish","hentry","bnm-entry"],"_links":{"self":[{"href":"https:\/\/sites.uclouvain.be\/bkl-cbl\/wp-json\/wp\/v2\/pages\/38003","targetHints":{"allow":["GET"]}}],"collection":[{"href":"https:\/\/sites.uclouvain.be\/bkl-cbl\/wp-json\/wp\/v2\/pages"}],"about":[{"href":"https:\/\/sites.uclouvain.be\/bkl-cbl\/wp-json\/wp\/v2\/types\/page"}],"author":[{"embeddable":true,"href":"https:\/\/sites.uclouvain.be\/bkl-cbl\/wp-json\/wp\/v2\/users\/53"}],"replies":[{"embeddable":true,"href":"https:\/\/sites.uclouvain.be\/bkl-cbl\/wp-json\/wp\/v2\/comments?post=38003"}],"version-history":[{"count":5,"href":"https:\/\/sites.uclouvain.be\/bkl-cbl\/wp-json\/wp\/v2\/pages\/38003\/revisions"}],"predecessor-version":[{"id":39013,"href":"https:\/\/sites.uclouvain.be\/bkl-cbl\/wp-json\/wp\/v2\/pages\/38003\/revisions\/39013"}],"up":[{"embeddable":true,"href":"https:\/\/sites.uclouvain.be\/bkl-cbl\/wp-json\/wp\/v2\/pages\/463"}],"wp:attachment":[{"href":"https:\/\/sites.uclouvain.be\/bkl-cbl\/wp-json\/wp\/v2\/media?parent=38003"}],"curies":[{"name":"wp","href":"https:\/\/api.w.org\/{rel}","templated":true}]}}

<p><strong>Vrijdag 21 oktober</strong> <strong>2022, Université de Liège – <strong>Bâtiment L5</strong></strong> (<strong>Rue de Pitteurs, 18)</strong></p>



<p class="has-text-align-center"><strong><a rel="noreferrer noopener" href="https://sites.uclouvain.be/bkl-cbl/?smd_process_download=1&amp;download_id=38243" target="_blank">Programme</a> | <a rel="noreferrer noopener" href="https://sites.uclouvain.be/bkl-cbl/?smd_process_download=1&amp;download_id=38353" target="_blank">Book of abstracts</a></strong></p>



<p>Bedankt aan iedereen die heeft deelgenomen aan de Linguists’ Day 2022, op vrijdag 21 oktober!</p>



<p>Bedankt aan het team van Liège dat verantwoordelijk was voor de organisatie!</p>



<center><figure class="wp-block-image size-full is-resized is-style-rounded"><img decoding="async" src="https://sites.uclouvain.be/bkl-cbl/wp-content/uploads/2022/10/IMG-20221021-WA0000-edited.jpg" alt="" class="wp-image-38943" width="60%" srcset="https://sites.uclouvain.be/bkl-cbl/wp-content/uploads/2022/10/IMG-20221021-WA0000-edited.jpg 769w, https://sites.uclouvain.be/bkl-cbl/wp-content/uploads/2022/10/IMG-20221021-WA0000-edited-300x300.jpg 300w, https://sites.uclouvain.be/bkl-cbl/wp-content/uploads/2022/10/IMG-20221021-WA0000-edited-150x150.jpg 150w" sizes="(max-width: 769px) 100vw, 769px" /></figure></center>



<p>Deze Linguists’ day was een gelegenheid om vele presentaties te horen van jonge en minder jonge onderzoekers, allemaal van zeer hoog niveau. Tussen het grote aantal excellente kandidaten voor de <strong>CBL-BKL award </strong>dit jaar heeft de jury de moeilijke keuze moeten maken om een ex-aequo prijs toe te kennen aan</p>



<p><strong>Jérémy Genette (UAntwerp)</strong>, “Where to measure within vowels? Comparison and evaluation of acoustic techniques for the selection of measurement points”</p>



<p>en</p>



<p><strong>Joren Somers (UGent)</strong>, “Word order distributions within alternating Dat-Nom / Nom-Dat constructions in German and Icelandic”</p>



<p></p>



<p>Proficiat aan de winnaars!&nbsp;</p>



<p></p>



<p class="has-text-align-left"><strong>Organisatie :</strong><br>Marie Steffens<br>Nicolas Mazziotta<br>Esther Baiwir<br>Julien Perrez<br>Laurent Rasier<br>An Van Linden<br>Stéphane Polis<br>Dominique Longrée<br>Léonore Dubru<br>Nicolas Gregov</p>

<p>Vrijdag 21 oktober 2022, Université de Liège – Bâtiment L5 (Rue de Pitteurs, 18) Programme | Book of abstracts Bedankt aan iedereen die heeft deelgenomen &hellip; <a title="Taaldag 2022" class="bnm-read-more" href="https://sites.uclouvain.be/bkl-cbl/nl/congressen/taaldag/taaldag-2022/"><span class="screen-reader-text">Taaldag 2022</span>Read more</a></p>
